(-12).
21
Suppose -469 = -12*b + 719. What is the remainder when b is divided by 42?
15
Let m = 1992 - 1972. Calculate the remainder when 76 is divided by m.
16
Suppose 2*s - 26 = 2*r, r - 7 = s - 2*s. Let h = -118 - -122. What is the remainder when s is divided by h?
2
Let a(i) = -i**2 - 27*i - 116. What is the remainder when a(-18) is divided by 4?
2
Let k(f) = -f**2 + 2*f + 3. Let p be k(3). Let t be p - (2 - 13) - 0. Let i(b) = b**3 - 10*b**2 - 10*b - 8. Calculate the remainder when 4 is divided by i(t).
1
Let d = 7 - -10. Suppose 0 = -d*m + 14*m - 3. Calculate the remainder when m/1*329/(-7) is divided by 24.
23
Suppose 0 = 2*q - 4*f - 32, -17 + 43 = q - 4*f. Calculate the remainder when 51 is divided by q.
3
Let y(z) = 18*z - 8. Let f be y(5). Let g = f - 70. What is the remainder when g is divided by 11?
1
Suppose 0 = -5*b + 9*b - 36. What is the remainder when 14 is divided by b?
5
Suppose -15*f + 4347 = -3303. Calculate the remainder when f is divided by 11.
4
Suppose -w - 4*s + 82 = 0, -2*w + 3*s + 36 = -106. Calculate the remainder when 269 is divided by w.
47
Let i(m) = -3*m. Let u(o) = -2*o**2 + o + 1. Let b be u(-1). Calculate the remainder when 11/(-4*1/(-4)) is divided by i(b).
5
Let u be (-3)/(4 - 36/8). Let v = u - -2. Calculate the remainder when (-124)/(-2)*(-1)/(-2) is divided by v.
7
Suppose 0 = 2*g, -3*u + 4*g = -46 - 2. Calculate the remainder when 28 is divided by u.
12
Let v(t) = 2*t**2 - 35*t - 85. Calculate the remainder when v(26) is divided by 45.
42
Suppose 0 = -42*x + 5736 + 16356. Calculate the remainder when x is divided by 33.
31
Let l = 626 - 565. What is the remainder when 238 is divided by l?
55
Suppose 95 = 3*f + 2*d, -5*f - 13 = -2*d - 150. Suppose 70 = 3*w - 5*m, -3*w + 3*m + 75 = w. What is the remainder when f is divided by w?
14
Let w(j) = j - 8. Let v be w(14). What is the remainder when 30 is divided by -1 + 9 - (3 - v)?
8
What is the remainder when (-784)/196 - (1*-1 - 85) is divided by 48?
34
Let q = 121 - 117. Suppose -17 = -q*c + 123. Calculate the remainder when 104 is divided by c.
34
Let p(d) = 57*d + 16. What is the remainder when p(3) is divided by 9?
7
Let a be 3/(-2)*8/(-6). Suppose -a*y + 6 = -y. Suppose 4*r - y*r = -48. What is the remainder when 47 is divided by r?
23
Suppose 0 = 13*c + 5 - 18. Calculate the remainder when 72 is divided by (-64)/(-3) - c/3.
9
Let m be (-1 + 23/(-5))*-5. What is the remainder when 25 is divided by (-1)/((-7)/100) + (-8)/m?
11
Let u = -218 - -293. What is the remainder when u is divided by 34?
7
What is the remainder when 57 + (-12 - 40/(-8)) is divided by 17?
16
Let m = -414 + 452. What is the remainder when m is divided by 11?
5
Let f = -2 + 11. Suppose 0 = 6*r - 9 - 21. Calculate the remainder when f is divided by r.
4
Let n(x) = 5*x. Let y be 1*86 + (16/2)/4. Suppose -3*d = -4*g + y, -3*g + 55 = -2*d - 10. Calculate the remainder when g is divided by n(1).
4
Let d be -15*(-4 - -5)*-1. Let s = d + 25. Calculate the remainder when s is divided by 11.
7
Let m = 681 + -522. Calculate the remainder when 176 is divided by m.
17
Let k = -22 + 79. Suppose 5*m - 68 - k = 0. Suppose -1 = 2*u - m. Calculate the remainder when 35 is divided by u.
11
Suppose -2*i = 3*n - 4*i - 6, 0 = -n + 4*i + 12. Suppose n = 2*w - 3 - 17. Calculate the remainder when 1*-95*50/(-125) is divided by w.
8
Suppose -221 = -4*y + 59. Let s = 113 - y. Calculate the remainder when s is divided by 11.
10
What is the remainder when 41 is divided by (-8455)/(-356) + (-7)/4?
19
Let w(x) = x**3 + 9*x**2 - 25*x - 23. Let l be w(-10). Let k = l - 94. Calculate the remainder when 64 is divided by k.
31
Let b(j) be the first derivative of 2*j**4 - j**3 + 3*j**2/2 + j + 6. Calculate the remainder when b(2) is divided by 16.
11
Let d = -20 + 147. Calculate the remainder when d is divided by 4 + 28 + (3 - 3).
31
Let y(h) = -h**2 + 22*h + 51. Let m be y(24). What is the remainder when 142 is divided by m*222/27 - (-18)/(-27)?
22
Suppose -2*o + 65 = -5*m - 6*o, -5*m + 4*o - 65 = 0. Let l = m + 25. Suppose 0 = -5*i - l + 72. Calculate the remainder when i is divided by 5.
2
Calculate the remainder when ((-32)/12)/(1066/267 - 4) is divided by 23.
11
Calculate the remainder when 125 is divided by 9/2*72/54 + 2.
5
Suppose -4*d = 2*b - 122, 2*d = b - 3*d - 33. What is the remainder when b is divided by (-35)/30 - (-194)/12?
8
Let p = -1726 + 1746. What is the remainder when (-1020)/(-27) + (-2)/(-9) is divided by p?
18
Let s(l) = 4*l**2 + l + 2. Suppose -3 = -0*x - 3*x, -4*u - 18 = -2*x. Let z be u/22 - (-27)/(-33). What is the remainder when s(z) is divided by 2?
1
Let j be ((-663)/(-17))/((-3)/(-2)). Let l = 29 + j. Let g = l - 2. Calculate the remainder when g is divided by 18.
17
Let r be -234*((-14)/(-4) + -3). Let f = -82 - r. What is the remainder when 138 is divided by f?
33
Let p(m) = m**3 + 46*m**2 - 99*m - 4. What is the remainder when p(-48) is divided by 29?
24
Let z(g) = g**2 + 3*g - 3. Suppose -r = -r - r. Suppose -p - 1 + 3 = r. What is the remainder when z(2) is divided by p?
1
Let j be (-12)/(-66) - (-4)/(-22). Suppose j = -8*u + 3*u + 2*r + 97, 0 = 2*u - 5*r - 43. What is the remainder when 92 is divided by u?
16
Let b(l) = -l**3 - l**2 + 7*l + 31. Calculate the remainder when 82 is divided by b(-3).
26
Calculate the remainder when 63 - -9*9/(-27) is divided by 18.
6
Suppose 3*k - 146 = -32. What is the remainder when 605 is divided by k?
35
Suppose 17 = 5*m + 2. Suppose 3*p = m*y + 54, -105 + 24 = -4*p + y. Calculate the remainder when (-487)/(-6) - (-6)/(-36) is divided by p.
18
Let d(o) = o**2 - 17*o + 33. Let b be 1/(-4 - 231/(-57)). Calculate the remainder when d(b) is divided by 25.
21
Let u = 56 - 28. Let c = u + -14. Suppose 14 = 15*r - c*r. Calculate the remainder when 69 is divided by r.
13
Let r(h) = -2*h**3 + 161*h**2 - 61*h - 268. Calculate the remainder when r(80) is divided by 157.
153
Suppose 4*g = 3*v - 116, 0 = -0*v + v + 5*g - 7. Let l = 4915 + -4906. Calculate the remainder when v is divided by l.
5
Calculate the remainder when 1/(-5) + 5883/265 is divided by 21.
1
Let s(w) be the third derivative of -w**6/30 + w**4/24 - w**3/3 - 17*w**2. What is the remainder when 81 is divided by s(-2)?
25
Let z(s) = 4*s**2 - 36*s - 18. Calculate the remainder when 194 is divided by z(10).
18
Let q(c) = -c**2 - 11*c - 13. What is the remainder when 42 is divided by q(-7)?
12
Let i(c) = 6*c**2 + 27*c + 72. Calculate the remainder when i(-4) is divided by 49.
11
Suppose 2728 = -125*i + 21978. Calculate the remainder when i is divided by 12.
10
Suppose -2*u = -5*p + 89, -3*p + 72 = -10*u + 15*u. What is the remainder when 101 is divided by p?
6
Let i(a) = 5*a**2 - 3*a + 3. Let z(w) = 32*w**2 - 14*w - 1. Calculate the remainder when z(-2) is divided by i(3).
38
Let k = -36 - -36. Suppose -20 = -2*l - k*l. What is the remainder when 38 is divided by l?
8
Let n = -964 + 3818. Calculate the remainder when n is divided by 17.
15
Suppose -32*n - 3 = -33*n. Suppose -n*u + 104 = h - 45, -4*h - 4*u + 636 = 0. What is the remainder when h is divided by 42?
38
Let t(v) = -53*v - 108. What is the remainder when 87 is divided by t(-3)?
36
Let r = -5 - -13. Let b(w) = 2*w**2. Let d be b(1). Calculate the remainder when -23*(2/d + -2) is divided by r.
7
Suppose -3*q = -2 - 13. Suppose 3*z = -2*r - z + 48, -z + 138 = 5*r. Calculate the remainder when r is divided by q.
3
Let g(v) = 69*v + 8. Let s be g(-3). Let z = -137 - s. Calculate the remainder when z is divided by 33.
29
Let v = -84 - -98. Let q(w) = 4*w - 28. Calculate the remainder when 80 is divided by q(v).
24
Suppose 3*t = 43*t - 30600. What is the remainder when t is divided by 64?
61
Suppose 14*d - 12*d = 76. Suppose v + 1 - 4 = 0. Suppose -v*n - d = -5*n + f, -93 = -5*n + 2*f. Calculate the remainder when n is divided by 6.
5
Suppose 12*b - 92 = 4. Suppose -3*l + 38 = -4. Let p = l + -9. What is the remainder when b is divided by p?
3
Suppose -6*i + 4*i + 44 = -c, 3*c + 111 = 5*i. What is the remainder when 61 is divided by i?
19
Let r = -9 + 7. Let n be 2*r*(-1)/4. Suppose -a = -n - 5. Calculate the remainder when 23 is divided by a.
5
Suppose -120 + 184 = 4*i. Let a = -4 - -8. Suppose -a*x = z + 11 - 189, z = -2. Calculate the re